hest common factor of 6633 and 99?
99
Calculate the greatest common divisor of 26 and 26.
26
Calculate the greatest common factor of 295 and 59.
59
What is the greatest common factor of 3243 and 207?
69
Calculate the greatest common divisor of 575 and 25.
25
What is the greatest common divisor of 2295 and 935?
85
What is the highest common factor of 217 and 62?
31
What is the greatest common divisor of 114 and 1539?
57
What is the highest common factor of 6035 and 497?
71
What is the greatest common divisor of 615 and 1599?
123
What is the greatest common divisor of 1212 and 4?
4
What is the highest common factor of 22 and 13024?
22
What is the greatest common factor of 416 and 13?
13
What is the greatest common factor of 361 and 380?
19
Calculate the greatest common divisor of 5 and 6655.
5
What is the highest common factor of 5341 and 98?
49
Calculate the highest common divisor of 1944 and 12.
12
Calculate the greatest common divisor of 525 and 21.
21
Calculate the greatest common factor of 10669 and 227.
227
What is the greatest common factor of 6 and 2946?
6
What is the highest common divisor of 27 and 459?
27
What is the highest common factor of 324 and 2025?
81
What is the highest common divisor of 8 and 2?
2
What is the highest common factor of 504 and 3768?
24
Calculate the highest common factor of 420 and 390.
30
What is the highest common factor of 1776 and 24?
24
Calculate the highest common divisor of 3264 and 960.
192
What is the highest common factor of 3589 and 194?
97
What is the highest common factor of 14905 and 55?
55
Calculate the greatest common divisor of 296 and 37.
37
What is the highest common divisor of 32 and 2272?
32
What is the greatest common divisor of 68 and 16?
4
Calculate the greatest common divisor of 195 and 845.
65
What is the greatest common divisor of 609 and 21?
21
Calculate the greatest common divisor of 10010 and 231.
77
What is the highest common factor of 480 and 20?
20
Calculate the greatest common divisor of 12710 and 20.
10
Calculate the highest common divisor of 61 and 5917.
61
What is the greatest common divisor of 3088 and 16?
16
Calculate the greatest common divisor of 25 and 20.
5
Calculate the highest common factor of 112 and 42.
14
What is the greatest common divisor of 68 and 3332?
68
What is the greatest common divisor of 55 and 395?
5
Calculate the greatest common divisor of 70 and 126.
14
What is the highest common divisor of 369 and 9?
9
What is the greatest common divisor of 339 and 904?
113
Calculate the highest common divisor of 14 and 2254.
14
What is the greatest common factor of 38 and 323?
19
Calculate the highest common factor of 59096 and 166.
166
Calculate the greatest common factor of 12 and 21.
3
What is the greatest common factor of 2373 and 7?
7
Calculate the greatest common divisor of 6 and 4722.
6
Calculate the highest common factor of 125 and 14.
1
What is the highest common factor of 75 and 275?
25
Calculate the greatest common divisor of 22 and 2.
2
What is the highest common divisor of 126 and 33894?
126
What is the greatest common factor of 106 and 8586?
106
What is the highest common divisor of 1984 and 1178?
62
What is the highest common factor of 205 and 9635?
205
What is the highest common divisor of 496 and 124?
124
What is the highest common divisor of 23 and 529?
23
Calculate the highest common divisor of 742 and 42.
14
What is the highest common divisor of 840 and 42?
42
Calculate the highest common factor of 869 and 176.
11
Calculate the greatest common divisor of 15 and 195.
15
What is the greatest common factor of 1325 and 25?
25
Calculate the greatest common factor of 4 and 56.
4
Calculate the greatest common divisor of 26 and 2626.
26
Calculate the greatest common factor of 12 and 480.
12
What is the highest common factor of 2814 and 42?
42
What is the greatest common factor of 102 and 102?
102
What is the highest common factor of 208 and 13?
13
What is the highest common divisor of 658 and 63?
7
Calculate the highest common factor of 91 and 15379.
91
What is the greatest common factor of 145 and 145?
145
What is the greatest common divisor of 6 and 92?
2
Calculate the highest common divisor of 84 and 3516.
12
Calculate the greatest common divisor of 2 and 166.
2
What is the highest common factor of 667 and 23?
23
What is the highest common divisor of 15 and 12765?
15
Calculate the highest common divisor of 1088 and 34.
34
What is the greatest common factor of 236 and 590?
118
What is the greatest common factor of 728 and 156?
52
Calculate the highest common divisor of 710 and 994.
142
Calculate the greatest common divisor of 9724 and 26.
26
Calculate the greatest common factor of 3589 and 148.
37
Calculate the highest common factor of 117 and 2043.
9
Calculate the greatest common divisor of 12 and 17460.
12
What is the greatest common factor of 632 and 20?
4
Calculate the highest common factor of 196 and 49.
49
Calculate the highest common divisor of 24 and 3.
3
What is the greatest common factor of 60 and 4005?
15
What is the greatest common divisor of 22 and 517?
11
Calculate the highest common factor of 793 and 39.
13
What is the greatest common factor of 7761 and 39?
39
What is the greatest common factor of 14 and 441?
7
Calculate the greatest common divisor of 1668 and 96.
12
What is the greatest common factor of 23 and 54671?
23
Calculate the highest common divisor of 81 and 1539.
81
What is the highest common divisor of 132 and 492?
12
What is the greatest common factor of 7 and 7?
7
What is the highest common divisor of 40 and 24?
8
Calculate the greatest common divisor of 27334 and 79.
79
Calculate the greatest common factor of 72 and 528.
24
What is the highest common divisor of 56 and 476?
28
Calculate the highest common divisor of 348 and 5800.
116
Calculate the greatest common factor of 27702 and 684.
342
What is the greatest common factor of 10216 and 8?
8
What is the highest common divisor of 375 and 75?
75
Calculate the greatest common divisor of 30 and 486.
6
Calculate the highest common factor of 340 and 1105.
85
What is the greatest common divisor of 100 and 140?
20
What is the greatest common factor of 87274 and 22?
22
Calculate the highest common factor of 984 and 16072.
328
Calculate the greatest common divisor of 925 and 370.
185
What is the greatest common divisor of 73414 and 22?
22
Calculate the highest common divisor of 72 and 96.
24
What is the greatest common divisor of 418 and 608?
38
What is the highest common divisor of 1071 and 171?
9
Calculate the greatest common divisor of 5066 and 2384.
298
What is the highest common factor of 196 and 13426?
98
What is the highest common divisor of 28 and 23548?
28
What is the highest common divisor of 18 and 3924?
18
Calculate the highest common divisor of 750 and 24150.
150
Calculate the highest common divisor of 23 and 1357.
23
What is the greatest common divisor of 744 and 264?
24
What is the highest common factor of 1634 and 76?
38
What is the greatest common divisor of 22 and 682?
22
Calculate the greatest common divisor of 2548 and 104.
52
Calculate the highest common divisor of 60 and 2120.
20
What is the highest common divisor of 18 and 96?
6
Calculate the greatest common factor of 341 and 33.
11
Calculate the greatest common divisor of 665 and 3401.
19
Calculate the highest common divisor of 2 and 104.
2
What is the highest common factor of 345 and 1185?
15
Calculate the greatest common divisor of 117 and 153.
9
What is the highest common factor of 369 and 697?
41
What is the greatest common divisor of 88 and 902?
22
What is the greatest common factor of 122 and 2?
2
Calculate the highest common factor of 62 and 341.
31
Calculate the highest common factor of 78 and 3783.
39
What is the greatest common factor of 752 and 1786?
94
Calculate the greatest common factor of 6161 and 61.
61
Calculate the greatest common factor of 144 and 72.
72
What is the highest common factor of 9612 and 54?
54
Calculate the greatest common divisor of 36 and 1278.
18
Calculate the highest common divisor of 10 and 155.
5
Calculate the greatest common divisor of 18 and 21807.
9
Calculate the highest common factor of 10 and 3600.
10
What is the highest common factor of 4234 and 261?
29
Calcula